**5/12 - 7*n**4/24 - 4*n**3/3 - 5*n**2. Calculate d(-6).
-2
Let n(t) = 9*t**2 + 4*t - 11. Let y(j) = 8*j**2 + 3*j - 10. Let l(c) = 3*n(c) - 4*y(c). Let m(w) = 4*w**2 - 6. Let i(g) = -5*l(g) - 6*m(g). What is i(-2)?
5
Let r(u) = -u**3 + 3*u**2 - 1. Let q = -5 - -7. Calculate r(q).
3
Let o(m) be the first derivative of m**2 + 3*m + 8. Give o(-2).
-1
Let x(k) = k**2 + 4*k + 2. Let r(d) = d. Let n(p) = 3*p. Let m(c) = 2*n(c) - 5*r(c). Let g be m(5). Suppose -5 - g = 2*h. What is x(h)?
7
Let h = 50 + -47. Let l(s) be the second derivative of 1/6*s**3 - h*s - 1/12*s**4 + 0 + 5*s**2. Determine l(0).
10
Let f be (-2 + 4)/((-4)/10). Let s(l) be the third derivative of -2*l**2 + 1/24*l**4 + 0*l + 0 + 3/2*l**3. Calculate s(f).
4
Let d = 13 - 7. Let t(g) = g**3 + 5 - 10 + d*g + 7*g**2 - g. Determine t(-6).
1
Let w(l) = -l**3 + 5*l**2 - 6. Suppose -50 + 25 = -5*g. Calculate w(g).
-6
Suppose 5*t + 10 + 0 = 0. Let w(p) = 3*p**2 + 6*p + 9. Let r(q) = 2*q**2 + 4*q + 6. Let u(f) = -7*r(f) + 5*w(f). Give u(t).
3
Let z = 0 - -2. Let f(o) = 4*o**3 - 3*o**3 + 4 - z - 2*o**2 - 6. What is f(3)?
5
Let q(p) be the first derivative of 3*p + 4 - 3/2*p**2. Determine q(3).
-6
Let h(b) be the first derivative of -1/3*b**3 - 8*b - 3*b**2 - 4. Determine h(-6).
-8
Let a(l) be the first derivative of -1/4*l**4 - 1/2*l**2 - 3 + 0*l**3 + 3*l. Let f(q) be the first derivative of a(q). Calculate f(-1).
-4
Let h(r) = r**3 - r**2 - r - 1. Let q(a) = -2*a**3 + 9*a**2 + 6*a. Let k(s) = -3*h(s) - q(s). Determine k(-5).
-7
Let r(x) be the third derivative of 1/24*x**4 + 0 + 0*x - 2/3*x**3 - 2*x**2. What is r(0)?
-4
Let a(i) = -4*i**2 + 7*i - 5. Let r be a(2). Let f(z) = -3*z - 9. Let q(p) = 13*p + 37. Let s(b) = 9*f(b) + 2*q(b). Determine s(r).
0
Let l = -21 + 4. Let x be l/(-3) + 6/(-9). Let m(c) = c**2 - 4. Let q(n) = n**2 - n - 3. Let a(p) = 5*m(p) - 6*q(p). Determine a(x).
3
Let q(g) = g**2 - 3. Let d(x) = x**3 + 4*x**2 + 4. Let b be d(-4). Suppose -m - k = 5, -3*m - 24 = 2*m + b*k. What is q(m)?
13
Let p(b) = -b + 4. Let m(z) = 1. Let j(c) = m(c) - p(c). Determine j(5).
2
Suppose -l + 16 = 11. Let o(v) = -v - 4. Determine o(l).
-9
Let a(l) = -l**3 - 6*l**2 - l - 6. Let d be a(-6). Let q be (1 + 2 - d)*-1. Let t(s) = -s + 3. Determine t(q).
6
Let y(q) = 2*q + 1. Let i be (-2 - -2) + -1 + -1. Give y(i).
-3
Let l(i) = i**2 - 6*i + 7. Let d be l(5). Suppose -3*j = d + 4. Let q(z) be the first derivative of z**4/2 + z**3/3 - z**2/2 + 2*z + 4. What is q(j)?
-8
Let q(r) = r**2 + 5*r + 4. Let f be 16/(-4) + 0/(-1). Let o be q(f). Let z(v) = v**3 - v**2 + v - 3. Calculate z(o).
-3
Suppose -5 = -4*n + 3. Let x be (-2)/(n/1)*-1. Let w(m) = 8*m - 1. Give w(x).
7
Suppose 6*c + 4*d = c - 31, 0 = -4*c + 5*d + 8. Let k(f) = -f**2 - f + 2. Give k(c).
-4
Let b(k) = -k**3 + 3*k + 1. Let a be b(-2). Let w(n) = -n**3 + 2*n**2 - n - 1. Give w(a).
-13
Let b = 13 - -5. Let s be 76/18 - 4/b. Let p(z) = -2*z + s*z - z + 0 - 1. Calculate p(0).
-1
Let a = -3 - -6. Let s(k) = -k - 1 + 1 + a. Suppose i = 5 - 0. Give s(i).
-2
Suppose 5 = -3*u + 65. Let v = -14 + u. Let r(d) = -d**3 + 6*d**2 - d + 6. Determine r(v).
0
Suppose 2*x - m = -12, 5*x + 0*m = -5*m - 30. Let i(k) = -k**3 - 6*k**2 - 6. Give i(x).
-6
Let g(u) = u + 1. Let h be g(3). Let z(s) = s - 1 - h*s**3 + 2*s**3 + 2*s**2 - 1. Suppose 5*n = -2*c + 12, n - 4*n + 2*c = -4. Calculate z(n).
-8
Let x(s) = 6*s**3 + 4*s - 1. Let m(t) = -13*t**3 - t**2 - 9*t + 2. Let w(q) = -2*m(q) - 5*x(q). What is w(1)?
-3
Let j(l) = -l - 7. Let t be j(-9). Let o(f) be the third derivative of -f**6/60 + f**5/30 + f**4/8 - f**3/3 - f**2. Determine o(t).
-4
Let a(n) = -4*n**2 - 7*n + 2. Let c(g) = -4*g**2 - 6*g + 2. Let y(f) = 4*a(f) - 5*c(f). Calculate y(-2).
10
Let z(w) = -2 + w + 0 + 3 + 3. Calculate z(-5).
-1
Let p be (-4)/6 + (-34)/(-6). Let c = p - 7. Let t(k) = -k. Give t(c).
2
Let j(a) = 5*a**2 + 6*a + 1. Let n(f) = f**2 + f. Let z(o) = -2*j(o) + 9*n(o). Let i(m) = -m. Let s be i(4). Give z(s).
-6
Let y(l) = 3*l + 1. Let q(d) = 1. Let a(m) = -2*q(m) + y(m). Determine a(2).
5
Let f(z) = -z**3 + 6*z**2 - 8*z + 7. Let m(o) = -3*o - 11. Let b be m(-11). Let y(s) = 2*s - 5. Let g be y(4). Suppose 0 = -g*u + b - 7. Give f(u).
-8
Let d = 6 - 4. Let o be (39/(-1))/((-3)/d). Suppose 4*k = -3*y - 4 + o, -2*y + 16 = 3*k. Let m(t) = -t**2 + 2. What is m(y)?
-2
Let p(i) = i + 9. Suppose y - 1 = -0. Let d be -4*(1 - y/2). Let b be (d + (-3 - -1))/1. Determine p(b).
5
Let r(g) = 3*g - 1. Let d be 12/(-20) - 4/10. Give r(d).
-4
Let r(s) = -5*s. Let g(i) = -i**2 + i + 5. Let b be g(0). Suppose -2*k = -b*k + 3. Calculate r(k).
-5
Let b(q) = -q**2 + 7*q + 1. Let y be (52/(-65))/(2/(-20)). What is b(y)?
-7
Let i be (10/(-8))/((-2)/8). Let d(l) = -i*l**2 + l**3 + 0*l**3 - 3 + 0*l**3 + 2*l**2 + 3*l. Give d(2).
-1
Let b(j) = 2*j**2 + 17*j - 14. Let a(i) = -3*i**2 - 26*i + 21. Let k(m) = -5*a(m) - 8*b(m). Calculate k(-6).
7
Suppose 2*v = -1 - 3. Let h(i) = -i**2 + 0*i - 2*i - 1 - i + 0*i. What is h(v)?
1
Let b(x) be the second derivative of -3*x**3/2 + 11*x. What is b(-2)?
18
Suppose -20 = 5*a - 0*a. Suppose 3*n + 2*n = 35. Let z(g) = -5 + n*g - 17*g + 11*g. What is z(a)?
-9
Let y(p) = -1 - 5*p + 2*p**2 + 8*p - 2. Let x = 1 + 0. Suppose -2*s + 1 = 5*c - x, 20 = -5*s. Calculate y(c).
11
Let q be 2 - -1*2/2. Suppose -7*g - 12 = -q*g. Let o = -4 - g. Let z(c) = -3*c**3 - c**2 - 2*c - 1. Determine z(o).
3
Let t be (-3 - (-1 + -2)) + 0. Let c(m) = 5*m**2 - 4*m**2 - m - 2*m**2. Calculate c(t).
0
Let s(l) be the third derivative of l**6/120 + l**5/12 + l**4/8 - 15*l**2. Determine s(-2).
6
Let r = -12 - -18. Let f(a) be the third derivative of 1/30*a**5 + 0 - 1/6*a**3 + a**2 + 1/4*a**4 - 1/120*a**r + 0*a. Determine f(4).
-9
Let j = -1 - 3. Let y(z) = -2*z**3 - 8*z**2 - 4*z - 3. Let h(d) = d**3 + 4*d**2 + 2*d + 2. Let a(i) = j*y(i) - 9*h(i). Give a(-4).
2
Let p(s) = 1 + 2 + 3*s - 3*s + s. Determine p(3).
6
Let k(s) = -s**2 - s - 1. Let o(h) = 6*h**3 + 5*h**2 + 7*h + 5. Let p(r) = 6*k(r) + o(r). Let a be p(1). Let z(g) = g**2 - 6*g + 6. Calculate z(a).
1
Let l = -4 - -7. Let f(v) = -3*v**3 - 10*v**2 + 8*v - 11. Let y(b) = -5*b**3 - 15*b**2 + 12*b - 17. Let m(a) = 8*f(a) - 5*y(a). What is m(l)?
-9
Let n(q) = q**3 + q**2 + q + 3. Let u = -42 + 42. Give n(u).
3
Suppose 0 = 5*p - 8*p + r + 26, -4*p = 4*r - 40. Let x = p - 13. Let s(b) = b + 3. Let v be s(x). Let k(j) = 4*j**3 - j - 1. Give k(v).
-4
Let p(o) = -4*o + 1. Let l(c) = c**2 + 6*c - 8. Let v be l(-7). Determine p(v).
5
Let n(h) = h + 5. Let b(s) = 1. Let x(q) = 6*b(q) - n(q). What is x(-2)?
3
Suppose -4*y - 4*q = 4, 2*y = 5*y + 4*q + 3. Let p(h) be the second derivative of h**3/3 - h**2/2 - 2*h. Give p(y).
-3
Suppose 0 = r + 4*r. Let d be r - 2 - (-5 - -1). Let k(c) = c**2 - 5*c. Let n(l) = l**2 - 11*l. Let w(q) = 5*k(q) - 2*n(q). Determine w(d).
6
Let h(x) = -11*x - 50. Let o(u) = 7*u + 33. Let g(v) = -5*h(v) - 8*o(v). Let y be g(-9). Let p(f) = f**3 + 4*f**2 - 6*f + 3. Determine p(y).
8
Let c(x) = 2*x - 4 + 0*x + 9*x - 10*x. Let s = 1 + -1. Calculate c(s).
-4
Let y(p) = -p**3 + 2*p - 2*p - p - 20*p**2 - 14 + 19*p**2. Determine y(0).
-14
Let h(w) = w**3 - w**2 - 2*w + 2. Let j = -9 + 6. Let d(t) = t**3 - 2*t**2 - 2*t + 3. Let p(g) = j*h(g) + 2*d(g). Calculate p(-2).
0
Let b(i) = -3*i**2 - 4*i + 4. Let l(g) = 7 + 16*g**2 - 6 - 22 + 12*g + 9*g. Let y(a) = 11*b(a) + 2*l(a). What is y(-4)?
-6
Let j(n) = -11*n + 2. Suppose 5*i = -4*r - 3, 4*r - 27 = 5*i - 0*i. Determine j(r).
-31
Suppose 0 = 4*h - h - 18. Let l(p) = -p + 7. Give l(h).
1
Let a(m) = -m**2 - 7*m - 8. Let o = 0 - 0. Let q(s) = s - 6. Let c be q(o). Determine a(c).
-2
Let u(m) = -3*m + 12. Let b(h) = h**3 - 15*h**2 + 14*h - 5. Let j be b(14). Let p(y) = -3*y + 13. Let o(c) = j*p(c) + 6*u(c). Determine o(5).
-8
Let q be (-122)/(-18) - 14/(-63). Suppose 0 - 1 = -5*x - 3*m, 0 = -3*x - 5*m + q. Let j(d) = 2*d**2 - 2*d - 1. What is j(x)?
3
Let r(x) be the second derivative of 0 + 2*x**2 + 7*x + 1/12*x**4 + 5/6*x**3. What is r(-5)?
4
Suppose 0 = o - 3 + 6. Let i be 3 - (-4 + 2 - o). Let b(v) = v**2 + 3*v - 3. Give b(i).
7
Let q(l) be the third derivative of l**6/120 - l**5/15 + l**4/12 - l**3/6 + l**2. Let s = -2 - -5. Let c be 4/s*(-2 + 5). What is q(c)?
7
Let i be 4/(12/9) + -1. Let c(h) 